h(-1).
23
Let y(m) = 2*m**3 - m**2 - 5*m + 3. Determine y(-2).
-7
Let n(m) = m**2 - 25*m + 29. Give n(23).
-17
Let x(m) = -m**3 + 32*m**2 - 27*m + 30. Calculate x(31).
154
Let s(p) = -p**3 + 13*p**2 - 16*p + 49. Give s(12).
1
Let x(t) = t**3 + 9*t**2 - 14*t - 124. What is x(-9)?
2
Let g(c) = 648*c - 1287. Calculate g(2).
9
Let b(k) = 35*k**2 - 6*k - 34. Calculate b(-4).
550
Let u(j) = 44*j**2 + 451*j - 375. Determine u(-11).
-12
Let w(f) = -85*f + 401. What is w(11)?
-534
Let q(f) = 31*f**2 + 12*f + 15. What is q(-2)?
115
Let p(x) = -5*x**3 + x**2 + 50*x - 53. Give p(1).
-7
Let g(o) = 12*o**2 + 40*o + 54. Determine g(-6).
246
Let t(w) = w**2 + 116*w + 144. What is t(-113)?
-195
Let r(o) = o**3 - 57*o**2 - 238*o + 3463. What is r(60)?
-17
Let m(t) = 2*t**2 + 128*t - 137. Calculate m(-65).
-7
Let r(l) = -4*l**2 + 117*l - 1139. Determine r(11).
-336
Let x(t) = -4*t**2 + 22*t + 14. What is x(6)?
2
Let p(f) = -2*f**3 + 19*f**2 + 13*f - 18. What is p(10)?
12
Let o(a) = 2*a**3 + 13*a**2 - 46*a - 13. Calculate o(3).
20
Let v(c) = -104*c + 330. What is v(3)?
18
Let j(r) = -r**3 + 45*r**2 - 78*r - 305. Give j(43).
39
Let f(t) = -t**3 + 19*t**2 - 36*t + 134. Calculate f(19).
-550
Let t(s) = 83*s**2 - 910*s - 28. Determine t(11).
5
Let p(n) = -347*n + 3456. Determine p(10).
-14
Let b(z) = -4*z**2 + 140*z + 599. Calculate b(-4).
-25
Let h(v) = -v**3 + 8*v**2 - 33*v + 82. Calculate h(5).
-8
Let v(u) = -3*u**2 - 13*u + 54. Determine v(-11).
-166
Let y(o) = 193*o + 6379. Calculate y(-33).
10
Let u(y) = -68*y**3 + 827*y**2 - 137*y + 59. Calculate u(12).
-1
Let z(f) = -f**3 - 25*f**2 + 188*f + 65. What is z(-31)?
3
Let s(g) = -2*g**3 - 33*g**2 + 70*g + 29. Give s(-18).
-259
Let a(b) = -8*b + 121. Give a(8).
57
Let r(s) = 2*s**3 + 5*s**2 - 10*s - 25. Give r(-6).
-217
Let s(g) = -4*g**2 - 14*g + 85. Determine s(5).
-85
Let v(p) = -24*p + 2763. What is v(115)?
3
Let h(o) = -o**2 - 42*o + 65. Give h(-24).
497
Let t(c) = -19*c - 412. Calculate t(-23).
25
Let f(a) = 2*a**3 - 9*a**2 - 88*a + 36. What is f(9)?
-27
Let r(h) = 265*h - 3297. What is r(12)?
-117
Let w(n) = -n**3 + 7*n**2 - 2*n + 449. What is w(11)?
-57
Let d(i) = 92*i + 3689. Calculate d(-40).
9
Let d(k) = -58*k - 2135. What is d(-37)?
11
Let i(z) = z**3 + 6*z**2 + 5*z - 24. Calculate i(-8).
-192
Let g(m) = -109*m - 9267. Determine g(-85).
-2
Let x(a) = -650*a + 37085. Calculate x(57).
35
Let w(k) = -3*k**3 + 4*k**2 + 11*k - 10. Determine w(4).
-94
Let r(b) = 18*b + 388. Calculate r(-23).
-26
Let j(n) = 320*n**3 + 4*n**2 + 16*n - 19. Determine j(1).
321
Let j(o) = -503*o + 2475. Determine j(5).
-40
Let m(q) = q**3 - 33*q**2 + 100*q - 306. Give m(30).
-6
Let r(c) = -61*c + 5670. What is r(93)?
-3
Let w(m) = m**3 + 44*m**2 - 189*m + 123. Determine w(-48).
-21
Let s(y) = -y**3 + 65*y**2 - 2*y + 220. What is s(65)?
90
Let b(y) = 6*y + 144. What is b(-15)?
54
Let c(u) = 302*u - 13893. Calculate c(46).
-1
Let f(d) = 37*d**2 + 180*d + 20. Determine f(-5).
45
Let q(k) = 69*k - 225. Determine q(5).
120
Let l(o) = 41*o - 945. Determine l(23).
-2
Let x(j) = 295*j**3 + 2*j**2 - 4*j + 4. What is x(1)?
297
Let n(u) = 2*u**2 - 4*u - 10. Give n(8).
86
Let l(o) = 205*o + 396. What is l(-2)?
-14
Let l(q) = -2*q**2 - 174*q + 707. Calculate l(-91).
-21
Let y(r) = -r**2 - 2970*r + 20832. Determine y(7).
-7
Let p(u) = -u**3 - 27*u**2 + 4*u + 130. Calculate p(-27).
22
Let v(w) = 2*w**2 - 4*w + 129. Give v(-7).
255
Let d(j) = j**3 + 10*j**2 + 23*j + 28. Give d(-7).
14
Let k(v) = 64*v**3 - 17*v**2 + 12*v + 2. What is k(1)?
61
Let g(s) = s**3 - 170*s**2 + 1143*s - 378. What is g(163)?
-52
Let i(l) = l**2 - 80*l - 2021. What is i(-20)?
-21
Let y(z) = -2*z**3 + 31*z**2 + 18*z - 42. Give y(16).
-10
Let h(v) = -v**2 - 16126*v + 662845. Calculate h(41).
-2
Let v(c) = -2*c**2 - 61*c - 408. Calculate v(-23).
-63
Let z(f) = 205*f**2 + 2051*f + 14. Calculate z(-10).
4
Let v(a) = a**3 - 16*a**2 + 45*a - 459. Determine v(15).
-9
Let k(t) = -6*t**2 + 71*t - 60. What is k(11)?
-5
Let n(r) = r**3 + 14*r**2 + 40*r - 54. Calculate n(-9).
-9
Let g(l) = -l**3 + 4*l**2 + 46*l - 4. Calculate g(-5).
-9
Let x(u) = 422*u**2 + 229*u - 230. What is x(1)?
421
Let x(f) = f**2 - 47*f + 302. Calculate x(39).
-10
Let r(u) = -183*u**2 - 4*u + 2. Determine r(1).
-185
Let x(y) = -127*y - 1424. Calculate x(-12).
100
Let c(t) = 3*t**3 - 22*t**2 + 8*t - 15. Determine c(7).
-8
Let w(d) = -d**3 + 22*d**2 + 5*d + 343. Determine w(23).
-71
Let z(o) = 2*o**3 + 16*o**2 - 7*o - 14. Determine z(-8).
42
Let n(b) = -b**2 + 35*b + 316. Calculate n(-13).
-308
Let z(k) = -102*k - 958. Determine z(-8).
-142
Let a(k) = -2*k**2 - 26*k - 14. What is a(-15)?
-74
Let h(b) = -2*b**3 + 129*b**2 + 1409*b - 210. What is h(74)?
12
Let p(s) = -s**3 - 67*s**2 - 62*s + 251. Calculate p(-66).
-13
Let r(m) = -m**2 + 47*m + 259. Give r(51).
55
Let v(b) = -b**2 - 200*b - 6020. Determine v(-38).
136
Let y(s) = -s**3 - 12*s**2 - 23*s - 23. What is y(-10)?
7
Let r(d) = d**3 - 3*d**2 - 9*d - 5. What is r(5)?
0
Let f(d) = -17*d - 266. Give f(-11).
-79
Let v(l) = -l**2 + 4*l + 22. Calculate v(-8).
-74
Let a(r) = 2*r**3 - 19*r**2 - 24*r + 97. What is a(10)?
-43
Let p(b) = b**2 + 12*b - 39. What is p(7)?
94
Let i(v) = -1279*v + 32005. Calculate i(25).
30
Let b(a) = 25*a**2 + 26*a - 46. Determine b(2).
106
Let x(z) = z**2 + 23*z - 7583. Calculate x(76).
-59
Let k(c) = c**2 - 45*c - 2193. Determine k(75).
57
Let l(i) = -68*i + 143. Give l(5).
-197
Let x(r) = r**3 + 4*r**2 - 119*r + 8. Give x(0).
8
Let w(h) = -102*h + 7235. What is w(71)?
-7
Let x(u) = u**2 - 40*u + 4. Give x(40).
4
Let y(l) = -l**2 + 33*l - 185. Give y(30).
-95
Let m(o) = 221*o + 115. Determine m(-2).
-327
Let k(d) = 4*d**3 - d**2 + 7*d - 5. Give k(-3).
-143
Let s(m) = -m**3 - 13*m**2 + m - 56. What is s(-10)?
-366
Let r(m) = -m**2 - 37*m + 1555. Give r(25).
5
Let a(n) = n**3 + 11*n**2 - 7*n + 20. Determine a(-10).
190
Let x(t) = 5465*t + 398939. Give x(-73).
-6
Let f(n) = 22*n**3 - 3*n**2 - 24*n - 21. What is f(-1)?
-22
Let s(x) = 3071*x + 64493. What is s(-21)?
2
Let u(c) = -14*c**2 + 629*c + 119. Calculate u(45).
74
Let o(v) = v**2 - 159*v + 6278. Calculate o(84).
-22
Let r(a) = -185*a - 10. Determine r(-1).
175
Let u(k) = -364*k + 99. Calculate u(2).
-629
Let m(a) = 283*a - 13279. Give m(47).
22
Let w(j) = -4*j**3 + 4*j**2 + 6*j + 3. Calculate w(-2).
39
Let c(f) = 35*f + 201. Calculate c(-5).
26
Let d(j) = 528*j + 10034. Determine d(-19).
2
Let n(r) = -r**3 + 9*r**2 - 37*r + 44. Calculate n(2).
-2
Let f(p) = 2*p**2 - 147*p - 699. Determine f(78).
3
Let v(a) = 8*a**3 + a**2 - 14*a + 7. Give v(3).
190
Let b(o) = -2*o**3 - 249*o**2 + 129*o + 505. What is b(-125)?
5
Let p(s) = s**3 + 11*s**2 + 23*s + 120. Calculate p(-10).
-10
Let y(s) = -s**2 + 34*s - 139. Calculate y(34).
-139
Let x(a) = -67*a + 131. Calculate x(2).
-3
Let r(n) = -22*n + 225. Determine r(13).
-61
Let o(z) = -4*z**2 + 9*z + 13. What is o(-5)?
-132
Let a(i) = -640*i - 2699. What is a(-4)?
-139
Let c(x) = 53*x + 3178. Determine c(-60).
-2
Let n(g) = -3*g - 280. Give n(19).
-337
Let c(b) = -67*b**3 + 74*b - 74. What is c(1)?
-67
Let a(d) = d**3 - 6*d**2 + 237*d - 1426. Calculate a(6).
-4
Let i(u) = 16*u + 170. What is i(-10)?
10
Let s(z) = -z**3 - 61*z**2 + 17*z + 1046. Determine s(-61).
9
Let d(n) = 5*n - 5. Determine d(11).
50
Let l(u) = u**2 - 400*u - 50603. Give l(-101).
-2
Let r(k) = -27*k**3 - 4*k**2 + 8*k - 19. What is r(2)?
-235
Let z(g) = 6*g**2 - 210*g - 75. What is z(35)?
-75
Let i(v) = -1168*v - 4677. Determine i(-4).
-5
Let x(r) = -17*r**2 + 62*r + 104. Give x(5).
-11
Let t(w) = w**3 - 102*w**2 + 88*w + 1417. Calculate t(101).
104
Let h(l) = 5*l**2 - 123*l + 2. Calculate h(5).
-488
Let p(a) = -a**3 - 139*a**2 + 284*a + 286. Determine p(-141).
4
Let u(r) = 65*r**2 - 500*r - 159. Give u(8).
1
Let l(j) = -15*j + 326. What is l(22)?
-4
Let h(m) = 2*m**3 + 29*m**2 + 38*m + 90. Calculate h(-13).
103
Let w(n) = 6*n**3 - 4*n**2 + 136*n - 386. Give w(3).
148
Let j(m) = -877*m + 1756. Give j(2).
2
Let o(x) = -3*x**2 - 175*x - 1689. What is o(-46)?
13
Let b(c) = 12*c + 276. Calculate b(34).
684
Let y(d) = 166*d - 368. Determine y(3).
130
Let j(o) = o - 146. Determine j(19).
-127
Let x(z) = -2*z**3 - 132*z**2 - 250*z + 315. Give x(-64).
-69
Let c(l) = -14938*l - 44847. 